 remainder when 5533848 is divided by 2039.
2
Calculate the remainder when 162750 is divided by 10824.
390
What is the remainder when 5200306 is divided by 5200297?
9
Calculate the remainder when 1283745 is divided by 37.
30
Calculate the remainder when 47168 is divided by 58.
14
What is the remainder when 4199185 is divided by 19996?
25
Calculate the remainder when 37386069 is divided by 9179.
2
Calculate the remainder when 15470 is divided by 6361.
2748
Calculate the remainder when 13600359 is divided by 40.
39
Calculate the remainder when 1085307 is divided by 271323.
15
What is the remainder when 5177795 is divided by 172593?
5
Calculate the remainder when 18297 is divided by 4649.
4350
Calculate the remainder when 21557283 is divided by 1932.
27
Calculate the remainder when 169025 is divided by 12963.
506
What is the remainder when 940455 is divided by 313476?
27
Calculate the remainder when 3238857 is divided by 124571.
11
Calculate the remainder when 21368450 is divided by 107.
15
What is the remainder when 553951 is divided by 1752?
319
Calculate the remainder when 12888598 is divided by 264.
118
What is the remainder when 7227302 is divided by 1453?
80
Calculate the remainder when 34039489 is divided by 33.
22
Calculate the remainder when 146330 is divided by 24333.
332
Calculate the remainder when 1849967 is divided by 90.
17
Calculate the remainder when 52391 is divided by 50201.
2190
Calculate the remainder when 1471835 is divided by 4732.
183
Calculate the remainder when 1570982 is divided by 341.
336
Calculate the remainder when 3553206 is divided by 93.
48
Calculate the remainder when 3072914 is divided by 4870.
4814
What is the remainder when 288083 is divided by 583?
81
What is the remainder when 1250187 is divided by 208356?
51
Calculate the remainder when 141969595 is divided by 139.
138
What is the remainder when 1889748 is divided by 49730?
8
What is the remainder when 42275823 is divided by 28?
23
What is the remainder when 7683989 is divided by 396?
5
What is the remainder when 216295 is divided by 239?
0
What is the remainder when 958127 is divided by 219?
2
Calculate the remainder when 90894208 is divided by 747.
742
Calculate the remainder when 321766198 is divided by 3314.
3310
Calculate the remainder when 81529914 is divided by 483.
480
Calculate the remainder when 173377 is divided by 86465.
447
What is the remainder when 445564 is divided by 138?
100
Calculate the remainder when 11218686 is divided by 2804574.
390
What is the remainder when 9963515 is divided by 203337?
2
Calculate the remainder when 43339444 is divided by 1494.
1492
Calculate the remainder when 943445 is divided by 5790.
5465
Calculate the remainder when 415634 is divided by 1230.
1124
What is the remainder when 210434 is divided by 8072?
562
What is the remainder when 4865362 is divided by 221130?
502
Calculate the remainder when 5815421 is divided by 1155.
1151
Calculate the remainder when 832561 is divided by 433.
335
Calculate the remainder when 4185614 is divided by 1046377.
106
What is the remainder when 8292301 is divided by 390?
121
What is the remainder when 6387257 is divided by 624?
617
What is the remainder when 1786051 is divided by 6791?
18
What is the remainder when 7649797 is divided by 29422?
77
What is the remainder when 19777 is divided by 343?
226
What is the remainder when 2619546 is divided by 853?
836
What is the remainder when 18038908 is divided by 17050?
8
What is the remainder when 29054150 is divided by 197?
196
Calculate the remainder when 296962 is divided by 9278.
66
What is the remainder when 1905961 is divided by 1489?
41
What is the remainder when 3797309 is divided by 1011?
1004
What is the remainder when 5640907 is divided by 145?
117
Calculate the remainder when 2840023 is divided by 123479.
6
What is the remainder when 743653 is divided by 190?
183
Calculate the remainder when 37730 is divided by 1607.
769
Calculate the remainder when 6632399 is divided by 51.
2
Calculate the remainder when 5811250 is divided by 51.
4
Calculate the remainder when 702090 is divided by 367.
19
Calculate the remainder when 6743037 is divided by 10.
7
Calculate the remainder when 45811308 is divided by 1206.
192
Calculate the remainder when 112364 is divided by 411.
161
Calculate the remainder when 697264 is divided by 5050.
364
Calculate the remainder when 18773 is divided by 18712.
61
What is the remainder when 1283400 is divided by 53474?
24
Calculate the remainder when 1993369 is divided by 34971.
22
What is the remainder when 38186962 is divided by 16756?
38
What is the remainder when 473305 is divided by 473302?
3
What is the remainder when 381337 is divided by 2890?
2747
What is the remainder when 247562 is divided by 436?
350
What is the remainder when 168730757 is divided by 55?
52
What is the remainder when 1776200 is divided by 590?
300
Calculate the remainder when 47284123 is divided by 4306.
4243
Calculate the remainder when 2115478 is divided by 37.
3
Calculate the remainder when 85683379 is divided by 149.
35
Calculate the remainder when 1379923 is divided by 7.
6
What is the remainder when 98630 is divided by 236?
218
Calculate the remainder when 484802516 is divided by 217.
212
Calculate the remainder when 16636574 is divided by 1042.
2
What is the remainder when 182526 is divided by 59910?
2796
Calculate the remainder when 284355575 is divided by 598.
595
Calculate the remainder when 76985119 is divided by 484183.
22
Calculate the remainder when 2002431 is divided by 1083.
1047
What is the remainder when 18832000 is divided by 376639?
50
Calculate the remainder when 18208 is divided by 2657.
2266
What is the remainder when 670419 is divided by 369?
315
Calculate the remainder when 468016 is divided by 46798.
36
What is the remainder when 166848 is divided by 4907?
10
What is the remainder when 65549 is divided by 3276?
29
Calculate the remainder when 209890502 is divided by 1411.
19
Calculate the remainder when 148538 is divided by 3604.
774
What is the remainder when 33704013 is divided by 27?
21
What is the remainder when 565457 is divided by 378?
347
What is the remainder when 103336112 is divided by 25834017?
44
Calculate the remainder when 3376275 is divided by 375132.
87
What is the remainder when 104242356 is divided by 11?
9
Calculate the remainder when 2864513 is divided by 584.
577
Calculate the remainder when 108188473 is divided by 1405045.
8
What is the remainder when 156521 is divided by 780?
521
What is the remainder when 3945044 is divided by 3?
2
What is the remainder when 106615022 is divided by 17?
15
What is the remainder when 56124 is divided by 7497?
3645
What is the remainder when 178223041 is divided by 7748827?
20
What is the remainder when 7600687 is divided by 32?
15
Calculate the remainder when 3204515 is divided by 251.
249
What is the remainder when 320166 is divided by 352?
198
What is the remainder when 15397190 is divided by 1260?
1250
What is the remainder when 69373146 is divided by 1066?
1064
What is the remainder when 785975 is divided by 392975?
25
What is the remainder when 1055376 is divided by 176?
80
Calculate the remainder when 84661624 is divided by 918.
910
Calculate the remainder when 432640 is divided by 506.
10
Calculate the remainder when 997812133 is divided by 87.
85
What is the remainder when 5452008 is divided by 307?
302
Calculate the remainder when 625063 is divided by 26044.
7
Calculate the remainder when 56914614 is divided by 1127.
1114
Calculate the remainder when 10627148 is divided by 25546.
12
What is the remainder when 160246 is divided by 26648?
358
What is the remainder when 121006 is divided by 216?
46
What is the remainder when 37249 is divided by 32041?
5208
Calculate the remainder when 190700045 is divided by 16.
13
What is the remainder when 2062607 is divided by 294658?
1
What is the remainder when 847427 is divided by 33?
20
What is the remainder when 1375559 is divided by 18588?
47
What is the remainder when 54666187 is divided by 35?
2
What is the remainder when 382352 is divided by 1074?
8
What is the remainder when 170025703 is divided by 9?
7
Calculate the remainder when 701258 is divided by 379.
108
What is the remainder when 4164